s(n) = n**3 + 2*n**2 + 2*n - 3. Calculate s(i).
-18
Let q(l) = 0*l**3 + 9*l**3 - 16*l - 5*l**2 + 8 - 3*l**3 - 5*l**3. Give q(7).
-6
Let n(i) = -4*i**2 - 12*i - 3. Let c(y) = -13*y**2 - 38*y - 9. Let k(j) = -2*c(j) + 7*n(j). What is k(-5)?
-13
Suppose w = 4*o - 27, -5*o + 10 + 29 = 4*w. Let l(v) = -v - 4. Let g(k) = -2*k - 7. Let b(m) = 3*g(m) - 5*l(m). Give b(o).
-8
Let r(z) = z**3 - z. Let u be r(-2). Let x = u + 8. Let q(h) = -3*h - 4 + 3 + x*h + 0*h. What is q(-3)?
2
Let z be (8/(-14))/((-14)/49). Suppose -z*k - 1 + 7 = 0. Suppose 2*w + 0*w + 9 = a, -2*a + k = w. Let b(i) = i**3 + 2*i**2 - 5*i - 4. Calculate b(w).
2
Suppose -r - 5*p - 18 + 15 = 0, -5*p - 5 = 0. Let g(c) = 3*c - 8*c + 8 - 1. Let h(f) = f - 1. Let n(i) = g(i) + 6*h(i). What is n(r)?
3
Let g(u) be the second derivative of -u**4/4 - 10*u**3/3 - 17*u**2/2 - 700*u. Give g(-7).
-24
Let q(b) = b**3 + 4*b**2 - 7*b - 4. Let s be ((-2)/2 + (3 - 2))*-1. Let g = 6 + -4. Suppose s*a = -g*i + a - 15, 0 = -2*i + 4*a - 30. What is q(i)?
6
Let c = 60 + -56. Let x(q) = q - 13. Give x(c).
-9
Let b(p) = -2*p - 2. Let r be b(-2). Let q(m) = 3*m**2 + 45*m - 43*m - m**2 + r. Give q(-2).
6
Suppose 8*c + 34 = 26. Let t(d) = d**3 - 2*d**2 - 3*d - 1. Give t(c).
-1
Let j(n) = -n**3 - 11*n**2 + 10*n + 14. Let g(y) = 2*y**3 + 26*y**2 - 21*y - 29. Let d(b) = 4*g(b) + 9*j(b). Calculate d(6).
10
Suppose -y + 6 = 2*y. Let g(d) = -3*d**2 + 2*d**y - 3 + 2*d + 2*d**2 - d. What is g(0)?
-3
Let f(b) = b**2 - 6*b - 1. Suppose -3*m - 3*z = -4*z + 59, 0 = 2*m - 2*z + 38. Let r = m - -28. Suppose -22 - r = -5*w. Calculate f(w).
-1
Let x be (8/(-10))/((-1)/(-5)). Let b be -2*2 + (9 - -30). Let p(u) = -b*u**2 + 3 - 8 - 44*u**2 + 77*u**2 - 6*u. Determine p(x).
-13
Let w(q) be the third derivative of -q**4/8 + 15*q**2 + 1. Determine w(-6).
18
Let d(f) = -f**3 + 4*f**2 - 11*f + 12. Let u(z) = -2*z**3 + 8*z**2 - 21*z + 22. Let q(t) = -11*d(t) + 6*u(t). Determine q(4).
-20
Let o(t) = 2*t**2 - 6*t + 3. Suppose v = -4*u - 12 + 23, u + 5*v + 21 = 0. Calculate o(u).
11
Let c(t) = 11*t**2 + 4*t - 3. Let j(u) = -10*u**2 - 3*u + 2. Let x(q) = 4*c(q) + 5*j(q). Determine x(2).
-24
Let b(o) be the third derivative of -o**4/12 + 8*o**2. Let p(r) = -1. Let q(h) = b(h) - 3*p(h). Determine q(6).
-9
Suppose -4*y = y. Let m(j) = -10*j**3 + 10*j**2 - 3*j + 34. Let q = 40 + -47. Let i(l) = 7*l**3 - 7*l**2 + 2*l - 23. Let p(u) = q*i(u) - 5*m(u). Calculate p(y).
-9
Let u = 16 - 12. Let g(k) = u*k - 3*k - 4*k + 0*k + 2*k**2. Suppose -2*h + 5 = 1. Calculate g(h).
2
Let y = 228 - 229. Let x(u) = 1 + 5 - 7 + 25*u. What is x(y)?
-26
Let a(y) = 3*y - 5. Let z be a(3). Suppose 0*s = -z*s, -s - 3 = -u. Let k(v) = -v**3 + v**2 + 0*v + u*v**2 - 4*v + 0*v**3. Calculate k(3).
-3
Let u = -859 + 862. Let p(m) = 9*m - 2*m - 1 - 2*m. Give p(u).
14
Let i be 6/(-6*4/(-12)). Suppose -4*h = 3*z + z, 0 = -4*z + i*h - 28. Let r(w) = -3*w + 4 - 2*w + 6*w + 0*w. Give r(z).
0
Let v(i) = i**3 - 7*i**2 + 6*i + 3. Let f = -197 + 202. Calculate v(f).
-17
Let x = 39 - 40. Let t(i) = i. Let l be t(0). Let a(c) = l + 3*c**2 - c - 2 + 2. Determine a(x).
4
Let a(y) = -y. Let c(q) = -8*q + 2. Let u(n) = -5*a(n) + c(n). Suppose -4*r - 10 = r, 3*r + 2 = -o. Give u(o).
-10
Let a(m) = m**3 + 11*m**2 + 4*m - 1. Let c(o) = 2*o**3 + 21*o**2 + 8*o - 1. Let j(f) = 7*a(f) - 4*c(f). What is j(-6)?
-15
Let n = 4 + -6. Let m(x) be the first derivative of x**4/6 + x**3/6 + 37*x + 8. Let y(q) be the first derivative of m(q). Determine y(n).
6
Let w(z) = -4*z + 40. Suppose 13*j = 10*j - 15, -5*d + 45 = j. Give w(d).
0
Let d(y) = y**2 + 18*y + 18. Let a be ((-3)/12)/((299/(-884))/(-23)). What is d(a)?
1
Let z(m) = -m**3 - 2*m**2 + m + 2. Suppose 0 = -48*h + 31*h - 34. Give z(h).
0
Let n be (-55)/(-20) - ((-33)/(-12) + -2). Let u(h) = -20*h + 8*h**n - 18*h**2 + 19*h. What is u(-1)?
-9
Let o(p) be the third derivative of p**8/20160 - p**7/560 + p**6/120 - p**5/6 + 27*p**2. Let b(j) be the third derivative of o(j). Give b(7).
-8
Let y(a) be the third derivative of a**5/60 - 5*a**4/24 + a**3/2 + 137*a**2. What is y(6)?
9
Let g(k) be the second derivative of -k**4/12 - k**3/3 - k**2 + 102*k. Give g(-4).
-10
Let a = 3374 + -3373. Let p(q) = q + q - 15*q**2 - q. Calculate p(a).
-14
Let j(v) be the third derivative of -v**4/8 + 2*v**3/3 + 27*v**2. Let h(g) = 4*g + 43. Let s be h(-10). What is j(s)?
-5
Let a(k) = -2*k**2 + 4*k. Let d(z) = -3*z**2 + 6*z - 12. Let j be d(5). Let y = j + 60. Calculate a(y).
-6
Let g(s) = s**2 + 7*s - 1. Let t(b) be the third derivative of b**5/60 - 5*b**4/12 + 4*b**3/3 - 16*b**2. Let m be t(8). Give g(m).
7
Let j be (6/9)/(2*(-3)/(-72)). Let k(n) = 2*n**2 + 9*n - 2. Let g(b) = b**2 + 9*b - 2. Let s(v) = -3*g(v) + 2*k(v). Calculate s(j).
-6
Let f = 556 - 556. Let g(v) = -v - 12. Give g(f).
-12
Let g(w) be the third derivative of w**4/24 + 4*w**3/3 + 76*w**2 + 2. Give g(-1).
7
Let v(l) = -9*l**3 + 2*l**2 + 3*l + 1. Let q be v(-1). Suppose 5*m - 3*h = 40, -5*m - 3*h + 1 + q = 0. Let t(s) = s + 3. Calculate t(m).
8
Let q(y) be the third derivative of -y**6/120 + 2*y**5/15 - 3*y**4/8 + 5*y**3/2 + 606*y**2. Give q(7).
1
Let z(w) be the third derivative of 0 - 1/6*w**3 - 1/10*w**5 + 0*w + 1/24*w**4 + 20*w**2. Let s(l) = -l**2 + l + 1. Let y be s(1). Calculate z(y).
-6
Let y(r) be the second derivative of -r**4/12 + 8*r**3/3 - 7*r**2 + 39*r. What is y(15)?
1
Let f(o) = o**3 + 5*o**2 - 2*o + 2. Let a be 2 + (2 - (-120)/(-5)). Let d = -26 - a. Give f(d).
-22
Let u(x) be the third derivative of -x**6/60 + x**5/30 + x**4/24 - x**3/6 + 8*x**2. Suppose d - 4 = -d. What is u(d)?
-7
Suppose 0 = -4*j + 6*j - 14. Suppose j*s + 2*m = 3*s + 24, -2 = -2*s + 4*m. Let h(k) = k**3 - 4*k**2 - 3*k - 5. What is h(s)?
5
Let r(p) = 0*p - 4*p + 2*p - 3. Let w(t) = -10*t + 24. Let x be w(3). Determine r(x).
9
Let g(y) = -20*y**2 - y + 1. Let v = 313 - 312. Give g(v).
-20
Let n(k) = -7*k + 2. Suppose 26 - 46 = -4*o. Let j(y) = -y + 1. Let c(u) = o*j(u) - n(u). Give c(-4).
-5
Let t(a) = -a**2 + 12*a + 6. Suppose -77 = -265*f + 258*f. What is t(f)?
17
Let j(t) = -26 + 2*t + 75 - 23 - 24. What is j(-19)?
-36
Let v(w) = -2*w. Let t(n) = -2*n + 12 - 2*n**3 + 2*n**3 + n + n**3 + n**2. Let z be t(0). Let g be 4/z - (-19)/(-3). Determine v(g).
12
Let r(s) be the second derivative of s**3/2 - 3*s**2 + s - 90. What is r(4)?
6
Suppose -23*a + 28 = -30*a. Let i(t) = t + 3. Give i(a).
-1
Let h(t) = -2*t**2 - 15*t - 15. Let f(a) = -3*a**2 - 23*a - 23. Let g(b) = -5*f(b) + 8*h(b). Calculate g(-6).
-11
Let l(d) = -d**3 - 4*d**2 - 3*d + 4. Let r be (-27)/6*26/39. What is l(r)?
4
Suppose 39*p + 107 = -322. Let s(h) = 3*h + 24. What is s(p)?
-9
Let s(q) = q**3 + 10*q**2 + 11*q + 23. Let p be s(-9). Suppose 19 = p*k + 4. Let x(f) = 4*f - 4. Give x(k).
8
Let k(c) = 11*c - 7. Let o(b) = b**3 + 6*b**2 - 7*b + 6. Let v be o(-7). Let u = v - -1. Let d(r) = 12*r - 8. Let f(w) = u*k(w) - 6*d(w). Determine f(2).
9
Let h be (-58 + 57)*0/2. Let n(g) = -g - 6. Determine n(h).
-6
Let k be (-15)/45 - (-22)/3. Suppose k = 4*q + 31. Let f(b) = b - 1. Let l(r) = -5*r. Let a(s) = -4*f(s) - l(s). What is a(q)?
-2
Let v(u) be the first derivative of 1/24*u**4 + 7 + u**2 - 1/6*u**3 + 1/30*u**5 - 1/120*u**6 + 0*u. Let p(l) be the second derivative of v(l). Calculate p(3).
-7
Let p(x) = -2*x + 12. Let z be p(4). Let m(f) = 8 - 9 + 0*f - z + f. Calculate m(0).
-5
Let b = 26 - 19. Suppose -k - 8 = 4*x + b, -3*k = -2*x - 11. Let u(s) = -s**3 - 4*s**2 + 2*s + 6. Calculate u(x).
-2
Let f = 2 - 6. Let z be (3 + f)*0/3. Let p(t) = t**2 + 6*t + 2 - 2*t**2 + z*t. Give p(6).
2
Suppose -11*d - 1041 = -1140. Let c(f) = f**2 - 6*f - 19. Determine c(d).
8
Let j(t) = -15*t**3 - 2*t**2 - 2*t - 1. Suppose -32*d - 28 = -4*d. Determine j(d).
14
Let l = -60 + 63. Let o(c) = -3*c - l*c + 4*c + c**2 - 3*c. What is o(6)?
6
Let x(h) be the second derivative of 0 + 1/3*h**4 + 0*h**3 + 1/720*h**6 + 0*h**2 + 2*h + 0*h**5. Let k(r) be the third derivative of x(r). Calculate k(-2).
-2
Let c be 79 + 2/(-4)*-4. Let m = 87 - c. Let v(i) = -3*i + 7. Determine v(m).
-11
Let s(x) = -2. Let r(o) = -4*o + 19. Let i(l) = r(l) + 4*s(l). What is i(5)?
-9
Suppose 28 = 9*h - 53. Let x(z) = -z**2 + 6*z - 3. Give x(h).
-30
Let b(l) = l**3 - 7*l**2 - 7. Suppose 27 + 49 = 5*v + 4*r, 0 